{"id":20,"date":"2020-12-29T22:36:19","date_gmt":"2020-12-29T21:36:19","guid":{"rendered":"http:\/\/mobilesauna24.de\/?page_id=20"},"modified":"2024-10-25T09:18:21","modified_gmt":"2024-10-25T08:18:21","slug":"mobile-fass-sauna-mieten","status":"publish","type":"page","link":"https:\/\/mobilesauna24.de\/","title":{"rendered":"Schongauer Sauna-F\u00e4ssle und Sauna-H\u00e4usle, mobile Mietsauna"},"content":{"rendered":"\n<h2 class=\"wp-block-heading\">www.mobilesauna24.de<\/h2>\n\n\n\n<p><strong>Dieses Sauna-Highlight kommt zu Ihnen<\/strong><\/p>\n\n\n\n<p><strong>Willkommen auf unserer Saunahomepage<\/strong><\/p>\n\n\n\n<p><\/p>\n\n\n\n<figure class=\"wp-block-image size-large\"><img loading=\"lazy\" decoding=\"async\" width=\"1024\" height=\"768\" src=\"https:\/\/mobilesauna24.de\/wp-content\/uploads\/2023\/05\/IMG_20230424_190225923-1024x768.jpg\" alt=\"Beide Saunen\" class=\"wp-image-984\" srcset=\"https:\/\/mobilesauna24.de\/wp-content\/uploads\/2023\/05\/IMG_20230424_190225923-1024x768.jpg 1024w, https:\/\/mobilesauna24.de\/wp-content\/uploads\/2023\/05\/IMG_20230424_190225923-300x225.jpg 300w, https:\/\/mobilesauna24.de\/wp-content\/uploads\/2023\/05\/IMG_20230424_190225923-768x576.jpg 768w, https:\/\/mobilesauna24.de\/wp-content\/uploads\/2023\/05\/IMG_20230424_190225923-1536x1152.jpg 1536w, https:\/\/mobilesauna24.de\/wp-content\/uploads\/2023\/05\/IMG_20230424_190225923-2048x1536.jpg 2048w, https:\/\/mobilesauna24.de\/wp-content\/uploads\/2023\/05\/IMG_20230424_190225923-1600x1200.jpg 1600w\" sizes=\"auto, (max-width: 1024px) 100vw, 1024px\" \/><figcaption class=\"wp-element-caption\"><strong><mark style=\"background-color:rgba(0, 0, 0, 0)\" class=\"has-inline-color has-tertiary-color\">hier beide Saunen. Beide zum gleichen Preis!!<\/mark><\/strong><\/figcaption><\/figure>\n\n\n\n<figure class=\"wp-block-image size-large is-style-default\"><img loading=\"lazy\" decoding=\"async\" width=\"1024\" height=\"768\" src=\"https:\/\/mobilesauna24.de\/wp-content\/uploads\/2021\/05\/Saunafaessle_Logo-1024x768.png\" alt=\"Fass-Sauna-Logo\" class=\"wp-image-164\" srcset=\"https:\/\/mobilesauna24.de\/wp-content\/uploads\/2021\/05\/Saunafaessle_Logo-1024x768.png 1024w, https:\/\/mobilesauna24.de\/wp-content\/uploads\/2021\/05\/Saunafaessle_Logo-300x225.png 300w, https:\/\/mobilesauna24.de\/wp-content\/uploads\/2021\/05\/Saunafaessle_Logo-768x576.png 768w, https:\/\/mobilesauna24.de\/wp-content\/uploads\/2021\/05\/Saunafaessle_Logo-1536x1152.png 1536w, https:\/\/mobilesauna24.de\/wp-content\/uploads\/2021\/05\/Saunafaessle_Logo-2048x1536.png 2048w, https:\/\/mobilesauna24.de\/wp-content\/uploads\/2021\/05\/Saunafaessle_Logo-1600x1200.png 1600w\" sizes=\"auto, (max-width: 1024px) 100vw, 1024px\" \/><figcaption class=\"wp-element-caption\">Fass-Sauna<\/figcaption><\/figure>\n\n\n\n<p>In Ihrer Freizeit gem\u00fctlich Saunieren, mit Freunden oder der Familie&nbsp; entspannen und das ganz privat? Sauna Erlebnis pur!<\/p>\n\n\n\n<p>Genau. Hier in Schongau, im Pfaffenwinkel, im Ammer-Lech-Land oder im Allg\u00e4u und nat\u00fcrlich bei Ihnen Zuhause. Ganz egal ob in Landsberg oder Marktoberdorf, in F\u00fcssen oder in Murnau.  Wir haben ein mobiles Saunafass im S\u00fcden von Bayern zu vermieten.<\/p>\n\n\n\n<p>Die Sauna ob Fass oder Haus kann man mindestens f\u00fcr einen Tag (23 h), f\u00fcr ein ganzes WE oder auch l\u00e4nger mieten und bei sich in den Hof, an den See in der N\u00e4he, oder in die Natur stellen, wo immer es erlaubt ist vorausgesetzt Sie finden erst einen geeigneten Stellplatz.<\/p>\n\n\n\n<p><br>Wussten Sie dass Sauna&#8230;.<\/p>\n\n\n\n<ul class=\"wp-block-list\">\n<li>die Atmung verbessert<\/li>\n\n\n\n<li>das Immunsystem st\u00e4rkt<\/li>\n\n\n\n<li>die Muskulatur entspannt<\/li>\n\n\n\n<li>Migr\u00e4ne vorbeugt<\/li>\n\n\n\n<li>die Haut noch sch\u00f6ner wird<\/li>\n\n\n\n<li>bestimmt haben Sie schon mal was von Anti Aging geh\u00f6rt?<\/li>\n<\/ul>\n\n\n\n<p><\/p>\n\n\n\n<p>Dar\u00fcber hinaus sind Sie autark. ..<\/p>\n\n\n\n<p>..denn der Ofen wird mit Holz beheizt. Sie brauchen keinen Strom. Die Beleuchtung ist batteriebetrieben. Sie brauchen lediglich Wasser zum Baden oder zum Duschen. Dazu w\u00e4hlen sie vielleicht einen Platz am See. Nur f\u00fcr Sie alleine. Nach dem Saunagang rein ins k\u00fchle Na\u00df. Die Durchblutung und der Puls steigt dadurch an.<br>Man f\u00fchlt sich wie Neugeboren. Jetzt im Vorraum, auf der Wiese oder im Liegestuhl ruhen\u2026 den Puls und die Atmung langsam wieder auf ein normales Niveau bringen, viel trinken. Und das mehrmals am Tag.<br>Ohne Zeitdruck.<br>Im kleinen Kreis.<\/p>\n\n\n\n<p>Die beiden Saunen sind mit gen\u00fcgend langen B\u00e4nken ausgestattet. Das bietet Platz f\u00fcr 4 Personen gleichzeitig zum Sitzen oder 2 zum Liegen. Oder w\u00e4hrend die Ersten bereits ruhen, k\u00f6nnen schon die N\u00e4chsten schwitzen. Wie man will. Im Vorraum kann man sich entkleiden oder ausruhen. So kann man die Sauna quasi auch im Wechsel betreiben, kurzum sind Ihrem Vergn\u00fcgen keine Grenzen gesetzt.<\/p>\n\n\n\n<p>Im Saunah\u00e4usle gibts neben dem Raum zum Schwitzen eine Dusche mit kaltem Wasser und ein Ruheraum.<\/p>\n\n\n\n<p>Sie k\u00f6nnen Brennholz, Saunat\u00fccher, Bring-Service und weitere D\u00fcfte dazu buchen. <\/p>\n\n\n\n<p><strong>Gro\u00dfe Lieget\u00fccher \u2013 denn kein Schwei\u00df und keine Haut aufs Holz \u2013 ist selbstverst\u00e4ndlich<\/strong><\/p>\n\n\n\n<p>wir haben f\u00fcr Sie folgende Aufgusskonzentrate zur Auswahl: <\/p>\n\n\n\n<ul class=\"wp-block-list\">\n<li>Birke,<\/li>\n\n\n\n<li>Latschenkiefer, <\/li>\n\n\n\n<li>Lemongras, <\/li>\n\n\n\n<li>7 Kr\u00e4uter Garten, <\/li>\n\n\n\n<li>Zeder Nelke Orange, <\/li>\n\n\n\n<li>Menthol Kristalle&nbsp;<\/li>\n<\/ul>\n\n\n\n<p>Sie bekommen eine saubere und selbstverst\u00e4ndlich desinfizierte Sauna \u00fcbergeben.<\/p>\n\n\n\n<h2 class=\"wp-block-heading\"><strong>\u263a Und nun ab zum Sauna-Schwitzen \u263a<\/strong><\/h2>\n\n\n\n<p class=\"has-text-align-center\"><\/p>\n\n\n\n<p class=\"has-text-align-center\">Anschrift: Eva-Maria Zimmermann ; Jugendheimweg 7; 86956 Schongau; <\/p>\n\n\n\n<p class=\"has-text-align-center\"> Telefon: <strong>+49 160 938 77 066<\/strong> <\/p>\n\n\n\n<p class=\"has-text-align-center\">Mail:<a href=\"mailto:info@mobilesauna24.de\" title=\"mailto:info@mobilesauna24.de\">info@mobilesauna24.de<\/a> <\/p>\n\n\n\n<p class=\"has-text-align-center\"><a href=\"https:\/\/mobilesauna24.de\">https:\/\/mobilesauna24.de<\/a> <\/p>\n\n\n\n<p class=\"has-text-align-center\"><a href=\"https:\/\/mobilesauna24.de\" target=\"_blank\" rel=\"noopener nofollow\" title=\"Schongauer Sauna F\u00e4ssle\">https:\/\/schongauer-sauna-f\u00e4ssle.de<\/a> <\/p>\n\n\n\n<p class=\"has-text-align-center\"><a href=\"https:\/\/mobilesauna24.de\/\" title=\"Schongauer Sauna-F\u00e4ssle, die Mobile Fass-Sauna zu mieten.\">https:\/\/schongauer-sauna-h\u00e4usle.de<\/a><\/p>\n\n\n\n<p class=\"has-text-align-center\"><a href=\"https:\/\/mobilesauna24.de\/index.php\/privacy-policy\/\" title=\"Datenschutzerkl\u00e4rung\">Datenschutzerkl\u00e4rung<\/a> <\/p>\n\n\n\n<p class=\"has-text-align-center\">Empfohlene Links: <\/p>\n\n\n\n<p class=\"has-text-align-center\"><a href=\"http:\/\/myfewo.eu\">www,myfewo.eu<\/a> <\/p>\n\n\n\n<p class=\"has-text-align-center\"><a href=\"https:\/\/scholz-burggen.de\">https:\/\/scholz-burggen.de<\/a> <\/p>\n\n\n\n<p class=\"has-text-align-center\"><a href=\"http:\/\/klangundblueten.de\" target=\"_blank\" rel=\"noreferrer noopener\">http:\/\/klangundblueten.de<\/a><\/p>\n\n\n\n<p>                  Kleingewerbe ist Umsatzsteuerbefreit. Steuer Nummer 168\/292\/90492<\/p>\n\n\n\n<p class=\"has-text-align-center\">fahnden, finden, freuen! suchen, buchen, erleben!<\/p>\n\n\n\n<p class=\"has-text-align-center\">Unsere Lechsauna \ud83d\ude42<\/p>\n","protected":false},"excerpt":{"rendered":"<p>www.mobilesauna24.de Dieses Sauna-Highlight kommt zu Ihnen Willkommen auf unserer Saunahomepage In Ihrer Freizeit gem\u00fctlich Saunieren, mit Freunden oder der Familie&nbsp;&hellip;<\/p>\n","protected":false},"author":1,"featured_media":0,"parent":0,"menu_order":0,"comment_status":"closed","ping_status":"closed","template":"","meta":{"ngg_post_thumbnail":0,"footnotes":""},"class_list":["post-20","page","type-page","status-publish","hentry"],"_links":{"self":[{"href":"https:\/\/mobilesauna24.de\/index.php\/wp-json\/wp\/v2\/pages\/20","targetHints":{"allow":["GET"]}}],"collection":[{"href":"https:\/\/mobilesauna24.de\/index.php\/wp-json\/wp\/v2\/pages"}],"about":[{"href":"https:\/\/mobilesauna24.de\/index.php\/wp-json\/wp\/v2\/types\/page"}],"author":[{"embeddable":true,"href":"https:\/\/mobilesauna24.de\/index.php\/wp-json\/wp\/v2\/users\/1"}],"replies":[{"embeddable":true,"href":"https:\/\/mobilesauna24.de\/index.php\/wp-json\/wp\/v2\/comments?post=20"}],"version-history":[{"count":81,"href":"https:\/\/mobilesauna24.de\/index.php\/wp-json\/wp\/v2\/pages\/20\/revisions"}],"predecessor-version":[{"id":1118,"href":"https:\/\/mobilesauna24.de\/index.php\/wp-json\/wp\/v2\/pages\/20\/revisions\/1118"}],"wp:attachment":[{"href":"https:\/\/mobilesauna24.de\/index.php\/wp-json\/wp\/v2\/media?parent=20"}],"curies":[{"name":"wp","href":"https:\/\/api.w.org\/{rel}","templated":true}]}}